. List the prime factors of y(6).
3, 5, 79
Suppose -j = -4*u + 3*u + 7, -5*j - 3*u = 3. Let w be (-6 - -3 - j)/(-1). Suppose w*k = c - 2*k - 7, 2*c + 5*k = 50. What are the prime factors of c?
3, 5
Suppose 4*z + 52 = 8*z. Let b be 3 + -36*z/(-2). Suppose 96 = 2*o + k, k - b = -5*o - 3*k. List the prime factors of o.
7
Suppose 0 = 2*w - 47 + 5. Let h = -20 + w. What are the prime factors of h + (-4)/(16/(-100))?
2, 13
List the prime factors of 9180748/1428 + 4/(-42).
3, 2143
Let m(l) = -3*l**2 + l + 7. Let v be m(4). Let s = v - -334. What are the prime factors of s?
3, 11
Suppose 2*s - 15 = -d + 2*d, 0 = -d - 3*s - 5. Suppose 11*c + 54 = 14*c. Let y = c - d. What are the prime factors of y?
29
Suppose 2*d - 96933 = -52161. List the prime factors of d.
2, 3, 7, 13, 41
Suppose 0 = -101*z + 102*z + 2*t - 2264, 3*t + 2294 = z. List the prime factors of z.
2, 569
Suppose -19*n - 1144 = 3*n. What are the prime factors of (n/26)/((8/(-1054))/2)?
17, 31
Let i = -14325 - -29095. List the prime factors of i.
2, 5, 7, 211
Let p = 23799 + -11411. List the prime factors of p.
2, 19, 163
Let f(m) = 4656*m + 2872. What are the prime factors of f(5)?
2, 7, 467
What are the prime factors of 30/(-6) - (-43242)/6?
2, 13, 277
Let q be (-4)/(-12) + (-65)/(-3). What are the prime factors of 26/143 + 8598/q?
17, 23
Suppose -2*u - 37 = -4*u + 5*b, 2*u + 3*b = -3. Suppose -u*g + 1582 = 4*r - 4*g, r + 4*g - 378 = 0. Suppose r = 35*a - 33*a. List the prime factors of a.
199
Suppose 2*j + 1806 = 5*i + 5*j, -4 = -2*j. Suppose -s + 287 = -5*y - 53, 0 = 5*y - 5*s + i. Let n = -30 - y. What are the prime factors of n?
37
Let s(m) = 71*m**2 - 5*m - 3. Let u be s(-1). Let p = u - -303. List the prime factors of p.
2, 47
Suppose 5*h - 4*h = 5. Let a(c) = -c**3 + 11*c**2 + 11*c - 8. Let w be a(10). Suppose 5 = h*s, 2*s - s - w = -j. What are the prime factors of j?
3, 67
Suppose 0 = -x + 64 - 62. Let r be x/7 - (-1 - (-32892)/(-28)). Suppose -2*y - r = -8*y. What are the prime factors of y?
2, 7
Let s(y) = 52*y**2 + 18*y + 35. What are the prime factors of s(8)?
3, 7, 167
Suppose 8 + 28 = 2*i. Let n be 2*(3/18)/(2/i). Let g(m) = 7*m**2 - m + 7. What are the prime factors of g(n)?
67
Suppose 1990 + 1367 = 2*k - 6991. What are the prime factors of k?
2, 13, 199
Let x(t) be the first derivative of -t**3 + 25*t**2/2 - 8*t + 3. Let p be x(8). Suppose 5*d - 4*i - 635 = i, p = i + 4. What are the prime factors of d?
3, 41
Suppose 0 = 2*b + 3*b - 1675. Let s = -183 + b. What are the prime factors of s?
2, 19
Let r = 1277 - 833. Let t = r - 80. List the prime factors of t.
2, 7, 13
Let g(p) = -1388*p**3 - 12*p**2 - 19*p + 22. What are the prime factors of g(-3)?
37447
Let u = 77 - 76. Let b be (u - 6) + (-2 - 0) + 5. Let n(h) = -23*h**3 - h**2 - 4*h - 4. List the prime factors of n(b).
2, 23
Let g(p) = 7*p - 2. Let y be g(8). Suppose 0 = -15*s + 16*s - a - 118, 3*s - 362 = -a. Let m = s - y. List the prime factors of m.
2, 3, 11
Suppose 3*x + 6*i = 8*i, -4*x + 14 = 2*i. Let c be (-2 + 3)/(1/(-2)). What are the prime factors of ((-4 + 3)*47)/(x/c)?
47
Suppose -10*t - 10 = -5*t, 2*t = 5*c - 29. Suppose -2*h + 3*g = h - 1716, g + 2872 = c*h. List the prime factors of h.
5, 23
Suppose -6325 = -3377*a + 3366*a. What are the prime factors of a?
5, 23
Suppose -11*s + 3*s = 5*s. Suppose -j + 10 = -3*k, 5*k - k + j + 11 = s. List the prime factors of (6/9)/(k/(-382 - -4)).
2, 3, 7
Let n(r) = -8*r**3 + 50*r**2 + 5*r + 10. List the prime factors of n(-10).
2, 3, 5
Let h(w) = 128*w + 786. List the prime factors of h(58).
2, 5, 821
Let d(y) = 22*y**2 - 4*y + 3. Let h = -34 - -39. Suppose 3 = -u + h. List the prime factors of d(u).
83
Suppose 9*i + 131 - 41 = 0. Let n be (4/i)/((-5)/50). Suppose n*c + 0*c - 3*z = 334, -5*c - z = -427. What are the prime factors of c?
5, 17
List the prime factors of ((13 - -23) + -12)*(-16038)/(-24).
2, 3, 11
Suppose 5*q = 4*q - 10. Let c = -8573 - -8575. List the prime factors of q + 8 + (c - -169).
13
Let w(v) = 54*v**2 + 32*v - 122. Let y be w(-32). What are the prime factors of y/45 + ((-12)/(-9))/(-1)?
2, 601
Let o = -22 - -20. Let m(u) = 2*u + 10. Let v be m(o). Suppose v*c - 7*c = -97. List the prime factors of c.
97
Suppose -10 - 22 = -16*m. Let u be (-876)/(-9)*(1 - (m - 4)). Suppose -3*d + 324 = -4*s + s, 0 = 3*d + 5*s - u. List the prime factors of d.
2, 13
Let i be (-2)/(-12) + (-209)/66. Let z(n) = -n**3 - 4*n**2 + 5*n + 10. Let r be z(i). Let l = 20 - r. What are the prime factors of l?
2, 17
Suppose -14 - 10 = -6*t. Suppose -7 = t*l + 5*r, 2*r - 19 - 31 = 5*l. Let a(x) = -x**3 - 7*x**2 - x + 9. What are the prime factors of a(l)?
3
Let t = 3 - -42. Let a = -274 + 385. Let y = a - t. What are the prime factors of y?
2, 3, 11
Suppose -5*x = 20*s - 19*s - 3358, -6768 = -2*s + 3*x. List the prime factors of s.
2, 3, 563
Let j(a) = -4*a**3 - 4*a**2 + 19*a + 108. List the prime factors of j(-9).
3, 281
Suppose 2*o + 16 - 10 = 0. Suppose -61 = -q + 4*k + 247, k = 1. What are the prime factors of (o/(-4))/((-3)/(0 - q))?
2, 3, 13
List the prime factors of -3 + (30132 - -4 - 4).
3, 11, 83
Let w = 1635 - -29943. What are the prime factors of w?
2, 3, 19, 277
Suppose -713 = 35*i - 4*i. Let o(g) = 14 - g + 29 - 2*g. What are the prime factors of o(i)?
2, 7
Let k(j) = 9 + 16*j**2 + 50 - 5 - 28*j**3 + 29*j**3. What are the prime factors of k(-11)?
659
Suppose 197*d - 397*d + 199*d + 5710 = 0. What are the prime factors of d?
2, 5, 571
Suppose 0 = -10*z + 29*z + 2470. List the prime factors of (46/(-138))/(2/z)*15.
5, 13
Let l = -402 - -1968. Suppose -2*i + l = -776. List the prime factors of i.
1171
Let t be (-14)/(-56) + (-1694)/(-8). Suppose 0 = -3*w - 4*f + 550 + t, -2*w - 3*f = -509. List the prime factors of w.
2, 5
Suppose 0 = 3*a - 5299 - 1676. Suppose 7*y + a = 10*y + v, 1550 = 2*y + 3*v. What are the prime factors of y?
5, 31
Let d(m) = 747*m**2 + 132*m + 711. What are the prime factors of d(-5)?
2, 3, 3121
Let q = 66502 - 35343. List the prime factors of q.
31159
Let m(i) = i**2 + 10*i + 30. Let w be m(-9). Suppose -20*c - 48 = -w*c. List the prime factors of c.
2, 3
What are the prime factors of (-8863)/(19 + -11 + -9)?
8863
What are the prime factors of 4/14 + ((-171567)/77)/(-3)?
743
Suppose -5*t + 15 = -40. Let b be t/(-2) - (-2)/(-4). Let v(i) = i**3 + 9*i**2 + i + 23. List the prime factors of v(b).
5
Let u(x) = 2*x - 4. Let b(a) = -a**3 - 9*a**2 - 9*a - 7. Let q be b(-8). Let n be u(q). List the prime factors of (-28 + 13)*(1 + n).
3, 5
Suppose -8*q - 16*q + 1603675 - 164995 = 0. What are the prime factors of q?
5, 19, 631
Let f(z) = 4*z**3 + z**2 - z - 3. Suppose 12*u + 6 = 42. What are the prime factors of f(u)?
3, 37
Let k(g) = -g**3 - 24*g**2 - 347*g + 81. What are the prime factors of k(-37)?
3, 3413
Let n = -426 + 424. List the prime factors of n/(-12) + (-104700)/(-360).
3, 97
Suppose 0*i + 2*g - 2 = 2*i, -2*i = -4*g + 12. Suppose 5 = o, -i*b = 5*o - 85 - 284. Suppose -5*x - b + 371 = 0. List the prime factors of x.
3, 19
Let r = 3631 - -18581. List the prime factors of r.
2, 3, 617
Suppose -5*i + i - 12 = -4*m, 5*m = 3*i + 19. Suppose -3*q + m*q - 626 = r, 2*q - 2*r = 630. List the prime factors of q.
311
Let g(d) = 6 + 6*d**2 - 5*d**2 - 3*d**2 - 16*d + 3*d**2. Let a(n) = -n**2 + 15*n - 6. Let v(b) = -2*a(b) - 3*g(b). List the prime factors of v(7).
71
Suppose 2*o + 4*b = 4*o + 220, -25 = 5*b. What are the prime factors of 15/o + 969/8?
11
Let h(l) = l**2 - 6*l + 13. Let d be h(3). Let t = d - 9. List the prime factors of (-5)/(t/10*4/34).
5, 17
Let u(d) = -531*d + 85. What are the prime factors of u(-9)?
2, 19
Suppose -5*h = -2*h + 5*j - 4799, -4*h + 4*j = -6388. Let k = h - 889. What are the prime factors of k?
709
Let j(r) = 5*r + 9*r**2 - 6 - 24 - 6. List the prime factors of j(5).
2, 107
Let g be (36/(-14) - -2) + (-1272)/28. Let r = g - -414. List the prime factors of r.
2, 23
Let p(h) = h**2 + 16*h + 29. Let n be p(-14). Suppose -12*u + 13*u = n. List the prime factors of -9 - -8 - (-30 + u).
2, 7
Let z = -39 - -42. Suppose -f + 165 = 2*u, z*f = 5*u - 2*u + 468. List the prime factors of f.
3, 53
Let a(c) = -2*c**3 + 55*c**2 - 13*c + 153. What are the prime factors of a(24)?
3, 1291
Let j(a) = -2*a**2 + 19*a - 17. Let d be j(10). W